{"id":269,"date":"2016-06-16T05:02:46","date_gmt":"2016-06-16T05:02:46","guid":{"rendered":"http:\/\/paenco.cl\/web\/producto\/esponjas-jabonosas\/"},"modified":"2024-07-27T17:48:04","modified_gmt":"2024-07-27T21:48:04","slug":"esponjas-jabonosas","status":"publish","type":"product","link":"https:\/\/www.paenco.cl\/web\/producto\/esponjas-jabonosas\/","title":{"rendered":"Esponja jabonosa ( 24 unidades x paquete )"},"content":{"rendered":"<p>Esponjas jabonosas<\/p>\n<p>&nbsp;<\/p>\n","protected":false},"excerpt":{"rendered":"<p>Esponjas de napa de fibra impregnadas en gel dermatol\u00f3gico, hipo alerg\u00e9nicas. No alteran la flora natural.<br \/>\nEspecialmente dise\u00f1adas y formuladas para pacientes postrados, con movilidad reducida y ancianos.<br \/>\nGracias a una peque\u00f1a dosis de agua y a una r\u00e1pida compresi\u00f3n manual, se consigue la aparici\u00f3n inmediata de espuma, que resulta suficiente para el lavado de un paciente.<br \/>\nPermiten un ba\u00f1o eficiente, r\u00e1pido y seguro, dejando la piel limpia e hidratada. No requiere enjuague. Ba\u00f1o seco por arrastre<br \/>\nProducto de un solo uso, Eficaz soluci\u00f3n contra contagios cruzados.<br \/>\nFabricadas en Espa\u00f1a por Layertex, bajo las m\u00e1s estrictas normas de calidad internacionales.<br \/>\nMedidas: 12 x 20 cm.<\/p>\n","protected":false},"featured_media":1843,"comment_status":"closed","ping_status":"closed","template":"","meta":{"om_disable_all_campaigns":false,"_monsterinsights_skip_tracking":false,"_monsterinsights_sitenote_active":false,"_monsterinsights_sitenote_note":"","_monsterinsights_sitenote_category":0},"product_cat":[88,85],"product_tag":[49,67],"aioseo_notices":[],"jetpack_sharing_enabled":true,"_links":{"self":[{"href":"https:\/\/www.paenco.cl\/web\/wp-json\/wp\/v2\/product\/269"}],"collection":[{"href":"https:\/\/www.paenco.cl\/web\/wp-json\/wp\/v2\/product"}],"about":[{"href":"https:\/\/www.paenco.cl\/web\/wp-json\/wp\/v2\/types\/product"}],"replies":[{"embeddable":true,"href":"https:\/\/www.paenco.cl\/web\/wp-json\/wp\/v2\/comments?post=269"}],"wp:featuredmedia":[{"embeddable":true,"href":"https:\/\/www.paenco.cl\/web\/wp-json\/wp\/v2\/media\/1843"}],"wp:attachment":[{"href":"https:\/\/www.paenco.cl\/web\/wp-json\/wp\/v2\/media?parent=269"}],"wp:term":[{"taxonomy":"product_cat","embeddable":true,"href":"https:\/\/www.paenco.cl\/web\/wp-json\/wp\/v2\/product_cat?post=269"},{"taxonomy":"product_tag","embeddable":true,"href":"https:\/\/www.paenco.cl\/web\/wp-json\/wp\/v2\/product_tag?post=269"}],"curies":[{"name":"wp","href":"https:\/\/api.w.org\/{rel}","templated":true}]}}