{"id":2307,"date":"2022-07-02T18:04:59","date_gmt":"2022-07-02T18:04:59","guid":{"rendered":"https:\/\/www.paenco.cl\/web\/?post_type=product&#038;p=2307"},"modified":"2025-02-11T19:43:25","modified_gmt":"2025-02-11T22:43:25","slug":"abri-form-s-22-unid","status":"publish","type":"product","link":"https:\/\/www.paenco.cl\/web\/producto\/abri-form-s-22-unid\/","title":{"rendered":"Slip Premium S 4,  25 unids.  (Ex Abri Form S 4 )"},"content":{"rendered":"<p>Sirve tanto para los que caminan como para los postrados.<\/p>\n<p>Evita casi siempre las mudas nocturnas.<\/p>\n<p>Pierna y cintura elasticada.<\/p>\n<p>Con gel super absorbente.<\/p>\n<p>Cintura hasta 80 cm.<\/p>\n<p><strong>Absorci\u00f3n:<\/strong> 2.200 ml.<\/p>\n<p>Anat\u00f3mico.<\/p>\n<p>Capa exterior tipo tela, permite la ventilaci\u00f3n de la piel.<\/p>\n<p>4 cintas adhesivas repegables.<\/p>\n<p>Con indicador de humedad.<\/p>\n<p>Con barrera antifuga.<\/p>\n<p>Doble capa al centro con canales de absorci\u00f3n.<\/p>\n<p>Absorci\u00f3n escalonada.<\/p>\n<p>Importado de Dinamarca.<\/p>\n<p>Marca Abena.<\/p>\n","protected":false},"excerpt":{"rendered":"<p>Sirve tanto para los que caminan como para los postrados. Evita casi siempre las mudas nocturnas. Pierna y cintura elasticada. Con gel super absorbente. Cintura hasta 80 cm. Absorci\u00f3n: 2.200 ml. Anat\u00f3mico. Capa exterior tipo tela, permite la ventilaci\u00f3n de la piel. 4 cintas adhesivas repegables. Con indicador de humedad. Con barrera antifuga. Doble capa [&hellip;]<\/p>\n","protected":false},"featured_media":38344,"comment_status":"open","ping_status":"closed","template":"","meta":{"om_disable_all_campaigns":false,"_monsterinsights_skip_tracking":false,"_monsterinsights_sitenote_active":false,"_monsterinsights_sitenote_note":"","_monsterinsights_sitenote_category":0},"product_cat":[88,23,16],"product_tag":[],"aioseo_notices":[],"jetpack_sharing_enabled":true,"_links":{"self":[{"href":"https:\/\/www.paenco.cl\/web\/wp-json\/wp\/v2\/product\/2307"}],"collection":[{"href":"https:\/\/www.paenco.cl\/web\/wp-json\/wp\/v2\/product"}],"about":[{"href":"https:\/\/www.paenco.cl\/web\/wp-json\/wp\/v2\/types\/product"}],"replies":[{"embeddable":true,"href":"https:\/\/www.paenco.cl\/web\/wp-json\/wp\/v2\/comments?post=2307"}],"wp:featuredmedia":[{"embeddable":true,"href":"https:\/\/www.paenco.cl\/web\/wp-json\/wp\/v2\/media\/38344"}],"wp:attachment":[{"href":"https:\/\/www.paenco.cl\/web\/wp-json\/wp\/v2\/media?parent=2307"}],"wp:term":[{"taxonomy":"product_cat","embeddable":true,"href":"https:\/\/www.paenco.cl\/web\/wp-json\/wp\/v2\/product_cat?post=2307"},{"taxonomy":"product_tag","embeddable":true,"href":"https:\/\/www.paenco.cl\/web\/wp-json\/wp\/v2\/product_tag?post=2307"}],"curies":[{"name":"wp","href":"https:\/\/api.w.org\/{rel}","templated":true}]}}