{"id":2180,"date":"2021-12-18T11:58:03","date_gmt":"2021-12-18T11:58:03","guid":{"rendered":"https:\/\/www.paenco.cl\/web\/?post_type=product&#038;p=2180"},"modified":"2024-07-27T10:58:30","modified_gmt":"2024-07-27T14:58:30","slug":"huggies-little-swimmers-talla-g-10-unidades-panal-piscina-descuento-sobre-2-paquetes","status":"publish","type":"product","link":"https:\/\/www.paenco.cl\/web\/producto\/huggies-little-swimmers-talla-g-10-unidades-panal-piscina-descuento-sobre-2-paquetes\/","title":{"rendered":"Huggies Little Swimmers Talla G 10 unidades Pa\u00f1al piscina"},"content":{"rendered":"<p>Pa\u00f1al calzoncito desechables para nadar<\/p>\n<p>No se inflan<\/p>\n<p>Dise\u00f1ados especialmente para su uso en agua<\/p>\n<p>Ajuste perfecto<\/p>\n<p>Dermatol\u00f3gicamente testeado<\/p>\n","protected":false},"excerpt":{"rendered":"<p>Pa\u00f1al calzoncito desechables para nadar No se inflan Dise\u00f1ados especialmente para su uso en agua Ajuste perfecto Dermatol\u00f3gicamente testeado<\/p>\n","protected":false},"featured_media":2181,"comment_status":"open","ping_status":"closed","template":"","meta":{"om_disable_all_campaigns":false,"_monsterinsights_skip_tracking":false,"_monsterinsights_sitenote_active":false,"_monsterinsights_sitenote_note":"","_monsterinsights_sitenote_category":0},"product_cat":[88,10,9],"product_tag":[],"aioseo_notices":[],"jetpack_sharing_enabled":true,"_links":{"self":[{"href":"https:\/\/www.paenco.cl\/web\/wp-json\/wp\/v2\/product\/2180"}],"collection":[{"href":"https:\/\/www.paenco.cl\/web\/wp-json\/wp\/v2\/product"}],"about":[{"href":"https:\/\/www.paenco.cl\/web\/wp-json\/wp\/v2\/types\/product"}],"replies":[{"embeddable":true,"href":"https:\/\/www.paenco.cl\/web\/wp-json\/wp\/v2\/comments?post=2180"}],"wp:featuredmedia":[{"embeddable":true,"href":"https:\/\/www.paenco.cl\/web\/wp-json\/wp\/v2\/media\/2181"}],"wp:attachment":[{"href":"https:\/\/www.paenco.cl\/web\/wp-json\/wp\/v2\/media?parent=2180"}],"wp:term":[{"taxonomy":"product_cat","embeddable":true,"href":"https:\/\/www.paenco.cl\/web\/wp-json\/wp\/v2\/product_cat?post=2180"},{"taxonomy":"product_tag","embeddable":true,"href":"https:\/\/www.paenco.cl\/web\/wp-json\/wp\/v2\/product_tag?post=2180"}],"curies":[{"name":"wp","href":"https:\/\/api.w.org\/{rel}","templated":true}]}}