{"id":1919,"date":"2021-02-11T16:42:27","date_gmt":"2021-02-11T16:42:27","guid":{"rendered":"https:\/\/www.paenco.cl\/web\/?post_type=product&#038;p=1919"},"modified":"2024-07-27T17:22:00","modified_gmt":"2024-07-27T21:22:00","slug":"oximetro","status":"publish","type":"product","link":"https:\/\/www.paenco.cl\/web\/producto\/oximetro\/","title":{"rendered":"Ox\u00edmetro"},"content":{"rendered":"<p>Con el Satur\u00f3metro podr\u00e1s obtener una lectura <b>precisa\u00a0<\/b>y\u00a0<b>fiable\u00a0<\/b>de la\u00a0<b>saturaci\u00f3n de ox\u00edgeno en la sangre<\/b>\u00a0adem\u00e1s del\u00a0<b>pulso\u00a0<\/b>y la\u00a0<b>frecuencia cardiaca<\/b>\u00a0de una forma\u00a0<b>r\u00e1pida\u00a0<\/b>y\u00a0<b>no invasiva<\/b>.<\/p>\n<p>Gracias a su<b> pantalla LED<\/b>, podr\u00e1s ver f\u00e1cilmente y en una gran definici\u00f3n, los datos entregados por el Ox\u00edmetro, que <b>adem\u00e1s\u00a0<\/b>mostrar\u00e1 el pulso a trav\u00e9s de una\u00a0<b>l\u00ednea gr\u00e1fica<\/b>\u00a0para una f\u00e1cil lectura.<\/p>\n<p>Cuenta con un rango de medici\u00f3n SP02 de entre 0% y 100%, y con un rango de medici\u00f3n PR de entre 30 bpm y 250 bpm, convirti\u00e9ndolo en un<b>\u00a0ox\u00edmetro de alto rango<\/b>.<\/p>\n<p>De muy\u00a0<b>f\u00e1cil uso<\/b>, solo deber\u00e1s poner uno de tus dedos en el sensor y autom\u00e1ticamente se mostrar\u00e1n los datos en la pantalla.<\/p>\n<p>Con un\u00a0<b>tama\u00f1o peque\u00f1o<\/b>\u00a0y con un peso de tan\u00a0<b>solo 50 gramos<\/b>, podr\u00e1s llevar este satur\u00f3metro a todos lados, en cualquier bolsillo, cartera para que te acompa\u00f1e a todos lados y no pierdas el monitoreo en ning\u00fan momento.<\/p>\n","protected":false},"excerpt":{"rendered":"<p>Con el Satur\u00f3metro podr\u00e1s obtener una lectura precisa\u00a0y\u00a0fiable\u00a0de la\u00a0saturaci\u00f3n de ox\u00edgeno en la sangre\u00a0adem\u00e1s del\u00a0pulso\u00a0y la\u00a0frecuencia cardiaca\u00a0de una forma\u00a0r\u00e1pida\u00a0y\u00a0no invasiva. Gracias a su pantalla LED, podr\u00e1s ver f\u00e1cilmente y en una gran definici\u00f3n, los datos entregados por el Ox\u00edmetro, que adem\u00e1s\u00a0mostrar\u00e1 el pulso a trav\u00e9s de una\u00a0l\u00ednea gr\u00e1fica\u00a0para una f\u00e1cil lectura. Cuenta con un rango [&hellip;]<\/p>\n","protected":false},"featured_media":1923,"comment_status":"open","ping_status":"closed","template":"","meta":{"om_disable_all_campaigns":false,"_monsterinsights_skip_tracking":false,"_monsterinsights_sitenote_active":false,"_monsterinsights_sitenote_note":"","_monsterinsights_sitenote_category":0},"product_cat":[33],"product_tag":[],"aioseo_notices":[],"jetpack_sharing_enabled":true,"_links":{"self":[{"href":"https:\/\/www.paenco.cl\/web\/wp-json\/wp\/v2\/product\/1919"}],"collection":[{"href":"https:\/\/www.paenco.cl\/web\/wp-json\/wp\/v2\/product"}],"about":[{"href":"https:\/\/www.paenco.cl\/web\/wp-json\/wp\/v2\/types\/product"}],"replies":[{"embeddable":true,"href":"https:\/\/www.paenco.cl\/web\/wp-json\/wp\/v2\/comments?post=1919"}],"wp:featuredmedia":[{"embeddable":true,"href":"https:\/\/www.paenco.cl\/web\/wp-json\/wp\/v2\/media\/1923"}],"wp:attachment":[{"href":"https:\/\/www.paenco.cl\/web\/wp-json\/wp\/v2\/media?parent=1919"}],"wp:term":[{"taxonomy":"product_cat","embeddable":true,"href":"https:\/\/www.paenco.cl\/web\/wp-json\/wp\/v2\/product_cat?post=1919"},{"taxonomy":"product_tag","embeddable":true,"href":"https:\/\/www.paenco.cl\/web\/wp-json\/wp\/v2\/product_tag?post=1919"}],"curies":[{"name":"wp","href":"https:\/\/api.w.org\/{rel}","templated":true}]}}