{"id":1754,"date":"2020-09-09T02:19:22","date_gmt":"2020-09-09T02:19:22","guid":{"rendered":"https:\/\/www.paenco.cl\/web\/?post_type=product&#038;p=1754"},"modified":"2025-06-11T21:05:18","modified_gmt":"2025-06-12T01:05:18","slug":"win-plus-talla-m-22-unids-descuento-sobre-2-paquetes","status":"publish","type":"product","link":"https:\/\/www.paenco.cl\/web\/producto\/win-plus-talla-m-22-unids-descuento-sobre-2-paquetes\/","title":{"rendered":"Win Plus talla M 20 unids."},"content":{"rendered":"<ul>\n<li>con hidrogel que atrapa los l\u00edquidos<\/li>\n<li>Cuida de los desbordes l\u00edquidos para su mayor seguridad<\/li>\n<li>Al cambiar de color amarillo a verde indica que hay que cambiar el pa\u00f1al<\/li>\n<\/ul>\n","protected":false},"excerpt":{"rendered":"<p>con hidrogel que atrapa los l\u00edquidos Cuida de los desbordes l\u00edquidos para su mayor seguridad Al cambiar de color amarillo a verde indica que hay que cambiar el pa\u00f1al<\/p>\n","protected":false},"featured_media":23146,"comment_status":"open","ping_status":"closed","template":"","meta":{"om_disable_all_campaigns":false,"_monsterinsights_skip_tracking":false,"_monsterinsights_sitenote_active":false,"_monsterinsights_sitenote_note":"","_monsterinsights_sitenote_category":0},"product_cat":[88,16,93],"product_tag":[],"aioseo_notices":[],"jetpack_sharing_enabled":true,"_links":{"self":[{"href":"https:\/\/www.paenco.cl\/web\/wp-json\/wp\/v2\/product\/1754"}],"collection":[{"href":"https:\/\/www.paenco.cl\/web\/wp-json\/wp\/v2\/product"}],"about":[{"href":"https:\/\/www.paenco.cl\/web\/wp-json\/wp\/v2\/types\/product"}],"replies":[{"embeddable":true,"href":"https:\/\/www.paenco.cl\/web\/wp-json\/wp\/v2\/comments?post=1754"}],"wp:featuredmedia":[{"embeddable":true,"href":"https:\/\/www.paenco.cl\/web\/wp-json\/wp\/v2\/media\/23146"}],"wp:attachment":[{"href":"https:\/\/www.paenco.cl\/web\/wp-json\/wp\/v2\/media?parent=1754"}],"wp:term":[{"taxonomy":"product_cat","embeddable":true,"href":"https:\/\/www.paenco.cl\/web\/wp-json\/wp\/v2\/product_cat?post=1754"},{"taxonomy":"product_tag","embeddable":true,"href":"https:\/\/www.paenco.cl\/web\/wp-json\/wp\/v2\/product_tag?post=1754"}],"curies":[{"name":"wp","href":"https:\/\/api.w.org\/{rel}","templated":true}]}}