{"id":1662,"date":"2020-06-27T19:55:18","date_gmt":"2020-06-27T19:55:18","guid":{"rendered":"https:\/\/www.paenco.cl\/web\/?post_type=product&#038;p=1662"},"modified":"2023-01-23T18:00:34","modified_gmt":"2023-01-23T21:00:34","slug":"abri-let-28-unids-descuento-sobre-2-paquetes","status":"publish","type":"product","link":"https:\/\/www.paenco.cl\/web\/producto\/abri-let-28-unids-descuento-sobre-2-paquetes\/","title":{"rendered":"Abri Let 28 unids."},"content":{"rendered":"","protected":false},"excerpt":{"rendered":"<h1 class=\"qodef-single-product-title\"><span style=\"font-family: 'Open Sans'; font-size: 14px; font-weight: inherit;\">Absorbente multiuso usado como absorbente para la maternidad, como refuerzo, como absorbente para el tratamiento de heridas o, como un absorbente para la incontinencia ligera.<\/span><\/h1>\n<div class=\"woocommerce-product-details__short-description\">\n<p>Ap\u00f3sito absorbente rectangular con n\u00facleo suave y ultra fino<br \/>\nTiras autoadhesivas blancas en la parte posterior del ap\u00f3sito<br \/>\nAbsorci\u00f3n r\u00e1pida. Fibras largas extienden el liquido r\u00e1pida y eficazmente por todo el n\u00facleo absorbente.<br \/>\nPuede ser esterilizado, lo que lo hace apto para su uso despu\u00e9s de intervenciones.<br \/>\nTama\u00f1o: 39 x 14 cm.<br \/>\nAbsorcion: 500 ml<br \/>\n28 ap\u00f3sitos por bolsa<br \/>\nCapa Exterior tipo Tela. Permite la ventilaci\u00f3n de la Piel.<br \/>\nSe utiliza dentro del calz\u00f3n o con malla de soporte.<br \/>\n\u00abNordic Eco-label\u00bb denominacion de ser respetuoso del medio ambiente.<br \/>\nImportado de Dinamarca<\/p>\n<\/div>\n","protected":false},"featured_media":1663,"comment_status":"open","ping_status":"closed","template":"","meta":{"om_disable_all_campaigns":false,"_monsterinsights_skip_tracking":false,"_monsterinsights_sitenote_active":false,"_monsterinsights_sitenote_note":"","_monsterinsights_sitenote_category":0},"product_cat":[88,29],"product_tag":[],"aioseo_notices":[],"jetpack_sharing_enabled":true,"_links":{"self":[{"href":"https:\/\/www.paenco.cl\/web\/wp-json\/wp\/v2\/product\/1662"}],"collection":[{"href":"https:\/\/www.paenco.cl\/web\/wp-json\/wp\/v2\/product"}],"about":[{"href":"https:\/\/www.paenco.cl\/web\/wp-json\/wp\/v2\/types\/product"}],"replies":[{"embeddable":true,"href":"https:\/\/www.paenco.cl\/web\/wp-json\/wp\/v2\/comments?post=1662"}],"wp:featuredmedia":[{"embeddable":true,"href":"https:\/\/www.paenco.cl\/web\/wp-json\/wp\/v2\/media\/1663"}],"wp:attachment":[{"href":"https:\/\/www.paenco.cl\/web\/wp-json\/wp\/v2\/media?parent=1662"}],"wp:term":[{"taxonomy":"product_cat","embeddable":true,"href":"https:\/\/www.paenco.cl\/web\/wp-json\/wp\/v2\/product_cat?post=1662"},{"taxonomy":"product_tag","embeddable":true,"href":"https:\/\/www.paenco.cl\/web\/wp-json\/wp\/v2\/product_tag?post=1662"}],"curies":[{"name":"wp","href":"https:\/\/api.w.org\/{rel}","templated":true}]}}