{"id":13363,"date":"2022-11-15T21:14:02","date_gmt":"2022-11-15T21:14:02","guid":{"rendered":"https:\/\/www.paenco.cl\/web\/?post_type=product&#038;p=13363"},"modified":"2025-01-02T23:27:20","modified_gmt":"2025-01-03T02:27:20","slug":"sabanilla-lavable-abrisoft-85-x-90-cm-1-unid","status":"publish","type":"product","link":"https:\/\/www.paenco.cl\/web\/producto\/sabanilla-lavable-abrisoft-85-x-90-cm-1-unid\/","title":{"rendered":"Sabanilla Lavable Abrisoft, 85 x 90 cm., 1 unid."},"content":{"rendered":"<p><strong>Aplicaci\u00f3n \/ Instrucci\u00f3n de Uso:<\/strong><\/p>\n<ul>\n<li>Ideal para una protecci\u00f3n extra en la cama.<\/li>\n<li>Fuera de servir en caso de saturaci\u00f3n del pa\u00f1al, tambi\u00e9n son muy \u00fatiles, mientras se muda al paciente.<\/li>\n<li>Los flaps o extensiones se introducen debajo del colch\u00f3n para que no se mueva la sabanilla.<\/li>\n<li>Lavar antes de usar<\/li>\n<li>Puede ser lavado hasta 95\u00b0C y puesto en la secadora a temperatura media.<\/li>\n<li>Puede ser lavado hasta 300 veces.<\/li>\n<li>No usar suavizantes de telas ni blanquear.<\/li>\n<li>Tiene una construcci\u00f3n de superficie completa que asegura que no haya un encogimiento diferente en las capas cuando se lave.<\/li>\n<li>No debe plancharse<\/li>\n<\/ul>\n<p><strong>Almacenamiento y duraci\u00f3n<\/strong><\/p>\n<ul>\n<li>Almacenar en un lugar seco.<\/li>\n<li>Mantener alejado de la luz directa del sol.<\/li>\n<\/ul>\n","protected":false},"excerpt":{"rendered":"<ul>\n<li>Sabanilla protectora lavable, con flaps (extensiones). Color azul<\/li>\n<li>Hecho de PU(poliuretano), poli\u00e9ster, ray\u00f3n y algod\u00f3n<\/li>\n<li>El PU(poliuretano) evita las fugas al colch\u00f3n y es transpirable.<\/li>\n<li>Capa suave cuya superficie de poli\u00e9ster tejido asegura una\u00a0 absorci\u00f3n r\u00e1pida y mantiene la piel seca.<\/li>\n<li>Tama\u00f1o: 85 x 90 cm<\/li>\n<li>Peso: 586 gramos<\/li>\n<li>Absorci\u00f3n: 2500 ml<\/li>\n<li>Proporciona una gran comodidad al paciente gracias a las diferentes capas de absorci\u00f3n y a que no se arruga debajo de \u00e9l.<\/li>\n<li>Alternativa a las sabanillas desechables<\/li>\n<li>Envasado individualmente<\/li>\n<\/ul>\n","protected":false},"featured_media":13365,"comment_status":"open","ping_status":"closed","template":"","meta":{"om_disable_all_campaigns":false,"_monsterinsights_skip_tracking":false,"_monsterinsights_sitenote_active":false,"_monsterinsights_sitenote_note":"","_monsterinsights_sitenote_category":0},"product_cat":[88,27,26],"product_tag":[],"aioseo_notices":[],"jetpack_sharing_enabled":true,"_links":{"self":[{"href":"https:\/\/www.paenco.cl\/web\/wp-json\/wp\/v2\/product\/13363"}],"collection":[{"href":"https:\/\/www.paenco.cl\/web\/wp-json\/wp\/v2\/product"}],"about":[{"href":"https:\/\/www.paenco.cl\/web\/wp-json\/wp\/v2\/types\/product"}],"replies":[{"embeddable":true,"href":"https:\/\/www.paenco.cl\/web\/wp-json\/wp\/v2\/comments?post=13363"}],"wp:featuredmedia":[{"embeddable":true,"href":"https:\/\/www.paenco.cl\/web\/wp-json\/wp\/v2\/media\/13365"}],"wp:attachment":[{"href":"https:\/\/www.paenco.cl\/web\/wp-json\/wp\/v2\/media?parent=13363"}],"wp:term":[{"taxonomy":"product_cat","embeddable":true,"href":"https:\/\/www.paenco.cl\/web\/wp-json\/wp\/v2\/product_cat?post=13363"},{"taxonomy":"product_tag","embeddable":true,"href":"https:\/\/www.paenco.cl\/web\/wp-json\/wp\/v2\/product_tag?post=13363"}],"curies":[{"name":"wp","href":"https:\/\/api.w.org\/{rel}","templated":true}]}}

<p><strong>Aplicación / Instrucción de Uso:</strong></p>
<ul>
<li>Ideal para una protección extra en la cama.</li>
<li>Fuera de servir en caso de saturación del pañal, también son muy útiles, mientras se muda al paciente.</li>
<li>Los flaps o extensiones se introducen debajo del colchón para que no se mueva la sabanilla.</li>
<li>Lavar antes de usar</li>
<li>Puede ser lavado hasta 95°C y puesto en la secadora a temperatura media.</li>
<li>Puede ser lavado hasta 300 veces.</li>
<li>No usar suavizantes de telas ni blanquear.</li>
<li>Tiene una construcción de superficie completa que asegura que no haya un encogimiento diferente en las capas cuando se lave.</li>
<li>No debe plancharse</li>
</ul>
<p><strong>Almacenamiento y duración</strong></p>
<ul>
<li>Almacenar en un lugar seco.</li>
<li>Mantener alejado de la luz directa del sol.</li>
</ul>

<ul>
<li>Sabanilla protectora lavable, con flaps (extensiones). Color azul</li>
<li>Hecho de PU(poliuretano), poliéster, rayón y algodón</li>
<li>El PU(poliuretano) evita las fugas al colchón y es transpirable.</li>
<li>Capa suave cuya superficie de poliéster tejido asegura una  absorción rápida y mantiene la piel seca.</li>
<li>Tamaño: 85 x 90 cm</li>
<li>Peso: 586 gramos</li>
<li>Absorción: 2500 ml</li>
<li>Proporciona una gran comodidad al paciente gracias a las diferentes capas de absorción y a que no se arruga debajo de él.</li>
<li>Alternativa a las sabanillas desechables</li>
<li>Envasado individualmente</li>
</ul>
