{"id":28,"date":"2016-06-01T01:54:08","date_gmt":"2016-06-01T01:54:08","guid":{"rendered":"http:\/\/paenco.cl\/web\/?page_id=28"},"modified":"2025-06-11T20:12:43","modified_gmt":"2025-06-12T00:12:43","slug":"como-comprar","status":"publish","type":"page","link":"https:\/\/www.paenco.cl\/web\/como-comprar\/","title":{"rendered":"\u00bfComo Comprar?"},"content":{"rendered":"<p><strong>T\u00e9rminos y Condiciones.<\/strong><strong>\u00a0<\/strong><\/p>\n<p>.<\/p>\n<p><strong>Junto con saludar y agradecer su preferencia, le damos la bienvenida e informamos los pasos a seguir para su compra on-line en nuestro sitio web, en el cual los precios ya incluyen descuento.<\/strong><\/p>\n<p>.<\/p>\n<p><strong><span style=\"color: #000000;\">1.-<\/span> Seleccione el o los productos que necesita y a\u00f1\u00e1dalos a su carrito de compras.<\/strong><\/p>\n<p><strong>2.-<\/strong><b> Al finalizar su selecci\u00f3n de productos, vaya al carrito de compras, debe revisar las cantidades y actualizar el carrito, obtendr\u00e1 el precio final, los precios en la web ya incluyen el descuento por mayor ( sobre 3 unidades del mismo producto ), si necesita DELIVERY \/ Despacho, recuerde agregarlo, el icono de este aparece en la barra superior , para luego ir a Finalizar Compra.<\/b><\/p>\n<p><span style=\"color: #ff0000;\"><strong>DESPACHOS A REGIONES<span style=\"color: #000000;\">, tiene un costo por el env\u00edo de los productos desde el local hacia y<\/span>\u00a0<span style=\"color: #000000;\">solo a<\/span> <span style=\"color: #008000;\">SUCURSAL STARKEN<span style=\"color: #000000;\">, el costo del traslado de la mercader\u00eda es por pagar en la sucursal al momento del retiro.<\/span><\/span><\/strong><\/span><\/p>\n<p><b>Los tiempos de Delivery son dentro de las 72 horas, en d\u00edas h\u00e1biles, previo aviso por parte del cliente y comprobaci\u00f3n del pago realizado, productos de su compra est\u00e1n a confirmaci\u00f3n de stock.<\/b><\/p>\n<p><strong>3.- Al Finalizar la Compra, le pedimos completar todos los campos solicitados en el formulario. Puede agregarnos Informaci\u00f3n adicional al pedido.<\/strong><\/p>\n<p><b>\u00a0 \u00a0 \u00a0Revise su pedido final y complete el proceso rellenando el recuadro &#8221; He le\u00eddo y estoy de acuerdo con los t\u00e9rminos y condiciones de la web &#8220;, luego pinche el bot\u00f3n REALIZAR PEDIDO.<\/b><\/p>\n<p><strong>4.-<\/strong><b> Ya realizado el pedido, recibir\u00e1 informaci\u00f3n del detalle de este, adem\u00e1s de los datos para realizar la transferencia o deposito bancario. Esta informaci\u00f3n le llegar\u00e1 al correo electr\u00f3nico por usted informado.<\/b><\/p>\n<p><b>5.- PAGO: puede realizarlo v\u00eda transferencia electr\u00f3nica o deposito bancario, previo al despacho o retiro de los productos en nuestro local.<\/b><\/p>\n<p><strong>6.-<\/strong><b> En caso de retirar los productos en nuestro local, este se encuentra ubicado en <\/b><a style=\"font-weight: bold;\" href=\"https:\/\/goo.gl\/maps\/KCqrk3HYmiR2\">Av. Irarr\u00e1zaval 3196, \u00d1u\u00f1oa<\/a><b> ( esquina Av. Chile- Espa\u00f1a ), frente a Estaci\u00f3n Metro Chile-Espa\u00f1a,\u00a0 en los horarios de lunes a viernes de 10:00 a 18:00 hr. y los s\u00e1bados de 10:00 a 13:00 hr. Domingo, feriados e interferiados permanecer\u00e1 cerrado.<\/b><\/p>\n<p><strong>7.-<\/strong> <strong>Toda compra realizada y no retirada en un plazo de 30 d\u00edas, se entender\u00e1 por entregada.<\/strong><\/p>\n<p><span style=\"color: #ff0000;\"><strong>No se realizan cambios de mercader\u00eda, ni reembolso.<\/strong><\/span><\/p>\n<p><strong>8.- Ante cualquier inconveniente que pudiesen causar los productos, el usuario\u00a0 deber\u00e1 dirigirse directamente al fabricante de dicho bien.<\/strong><\/p>\n<hr \/>\n<p><span style=\"color: #008080;\"><strong>Ante cualquier duda, puede tomar contacto con nosotros al mail contacto@paenco.cl , al fono 22 823 37 72\u00a0 o WhatsApp +56976014918 .- Estamos ubicados en<a href=\"https:\/\/goo.gl\/maps\/KCqrk3HYmiR2\"> Av. Irarr\u00e1zaval 3196 \/ \u00d1u\u00f1oa<\/a> ( Esquina Chile Espa\u00f1a)<\/strong><\/span><\/p>\n<h2 class=\"span7 inside site-description\"><\/h2>\n","protected":false},"excerpt":{"rendered":"<p>T\u00e9rminos y Condiciones.\u00a0 . Junto con saludar y agradecer su preferencia, le damos la bienvenida e informamos los pasos a seguir para su compra on-line en nuestro sitio web, en el cual los precios ya incluyen descuento. . 1.- Seleccione el o los productos que necesita y a\u00f1\u00e1dalos a su carrito de compras. 2.- Al [&hellip;]<\/p>\n","protected":false},"author":356,"featured_media":0,"parent":0,"menu_order":0,"comment_status":"closed","ping_status":"closed","template":"","meta":{"om_disable_all_campaigns":false,"_monsterinsights_skip_tracking":false,"_monsterinsights_sitenote_active":false,"_monsterinsights_sitenote_note":"","_monsterinsights_sitenote_category":0,"footnotes":""},"aioseo_notices":[],"jetpack_sharing_enabled":true,"_links":{"self":[{"href":"https:\/\/www.paenco.cl\/web\/wp-json\/wp\/v2\/pages\/28"}],"collection":[{"href":"https:\/\/www.paenco.cl\/web\/wp-json\/wp\/v2\/pages"}],"about":[{"href":"https:\/\/www.paenco.cl\/web\/wp-json\/wp\/v2\/types\/page"}],"author":[{"embeddable":true,"href":"https:\/\/www.paenco.cl\/web\/wp-json\/wp\/v2\/users\/356"}],"replies":[{"embeddable":true,"href":"https:\/\/www.paenco.cl\/web\/wp-json\/wp\/v2\/comments?post=28"}],"version-history":[{"count":93,"href":"https:\/\/www.paenco.cl\/web\/wp-json\/wp\/v2\/pages\/28\/revisions"}],"predecessor-version":[{"id":40454,"href":"https:\/\/www.paenco.cl\/web\/wp-json\/wp\/v2\/pages\/28\/revisions\/40454"}],"wp:attachment":[{"href":"https:\/\/www.paenco.cl\/web\/wp-json\/wp\/v2\/media?parent=28"}],"curies":[{"name":"wp","href":"https:\/\/api.w.org\/{rel}","templated":true}]}}